 6 and z?
3
Let w(q) = -q**3 - 11*q**2 + 12*q + 22. Let t be w(-12). Calculate the greatest common divisor of 55 and t.
11
Let a(h) = 2*h**2 - 3*h - 2. Let x be a(-2). Let f(k) = -9*k + 15. Let c be f(-5). What is the greatest common factor of c and x?
12
Let b = 20 - 11. What is the greatest common divisor of 18 and b?
9
Suppose 3*a - 3*k - 2*k - 38 = 0, -2*a - 2*k = -4. What is the highest common divisor of a and 4?
2
Let z(d) = 21*d - 1. Let u be z(1). Calculate the highest common divisor of u and 8.
4
Let u = -5 + 9. Suppose 4*h = h + 3*a + 390, 536 = 4*h + u*a. Let c be h/(-3)*1/(-2). Calculate the highest common factor of c and 55.
11
Suppose -5*s - t = 6 - 39, -5*s + 27 = -t. Let o be (-200)/(-5) - (-2)/1. Calculate the highest common factor of s and o.
6
Let r = 48 + 2. What is the greatest common factor of r and 75?
25
Suppose 7*c - 1 = 4*c - l, -4*c + 3*l + 10 = 0. Let h be (-2 - (-3 + 1))*1. Suppose y - 5 + 0 = h. What is the greatest common factor of c and y?
1
Suppose 877 = 5*p + 3*x - 2*x, -692 = -4*p - 4*x. Calculate the highest common factor of p and 22.
22
Let s(n) be the second derivative of n**3/3 + n**2 + n. Let m be s(-3). Let f be (-12)/m - (0 - 27). Calculate the greatest common divisor of f and 12.
6
Suppose 3*p = -0*p + 63. Calculate the highest common factor of p and 3.
3
Let g(l) = -15*l**3 + l**2 - 2. Let u be g(-2). Suppose 0 = w - n - 45 + 7, -3*w - n = -u. Calculate the highest common divisor of 16 and w.
8
Suppose 174 = 3*l - 0*l - 3*o, 2*o = -2*l + 124. Calculate the highest common factor of l and 30.
30
Let m = -12 + 49. Suppose h = -o + 8, 6*o - o - m = -4*h. Suppose h*p - 4 = 5. What is the greatest common divisor of p and 3?
3
Let q be 1 + 3*1 + 0. Let n = -98 + 163. Let w = n - 37. What is the greatest common divisor of q and w?
4
Suppose 3*r - 5*x = 44 - 12, 2*r - 5*x = 28. Calculate the highest common divisor of 20 and r.
4
Suppose z = s, 24 = 4*z - 0*z + 2*s. Suppose -2 = -z*w - 2*x + 8, 5*x + 2 = -w. Suppose -18 = -w*d + 63. Calculate the greatest common factor of d and 27.
27
Suppose -40 = -2*c + 3*c - 4*t, -2*c - 44 = t. Let i = c + 25. What is the greatest common factor of 1 and i?
1
Let i = 125 + -42. Suppose 5*y - 12 = i. Calculate the highest common divisor of y and 38.
19
Suppose 4*h + 0*v - 242 = 2*v, -v = 3*h - 179. What is the greatest common factor of 24 and h?
12
Suppose -5*j + 296 = -4*s, -2*j + s - 220 = -6*j. Suppose x + u = 12, -4*u + 7*u = -5*x + j. Calculate the highest common factor of x and 15.
5
Let t(d) = -d**3 - d**2 + 2*d. Let k be t(-2). Suppose 0*g + g + 3 = k, 0 = 5*f - 2*g - 206. What is the highest common divisor of 5 and f?
5
Let a = -13 - 1. Let x = a - -33. Calculate the greatest common divisor of 76 and x.
19
Suppose -4*l = -2*g + 34, -68 = -5*g + 4*l + 41. Suppose -f + 1 + 5 = 0. Let b = g - f. What is the greatest common divisor of 133 and b?
19
Let z(s) = 3*s + 8. Let l be z(9). Let f be 1/2 + 165/6. Suppose -f = -5*o + o. What is the highest common divisor of o and l?
7
Let w(l) = l**3 + 8*l**2 - l - 3. Suppose k = 2*t + 11, -t + 5*t = k - 27. Let v be w(t). What is the highest common factor of v and 55?
5
Suppose -3*b + 4*v + 3 = v, 4*v = -b + 6. Suppose 8*j = 11*j - 21. Let u be b/7 - (-418)/j. Calculate the highest common divisor of u and 12.
12
Let l = -154 - -359. Calculate the highest common divisor of l and 41.
41
Suppose 2*j = -3*j + 50. Suppose -o = 4*y - 24, -4*o - 4*y + 50 = -j. What is the highest common factor of 18 and o?
6
Suppose 5*b + 7*b - 1140 = 0. Let c(s) = 10*s**2 - 2. Let o be c(-2). What is the highest common divisor of o and b?
19
Let o = -37 + 51. What is the highest common factor of o and 21?
7
Suppose -3*r + 5*t + 395 = -0*t, 0 = 4*r - 2*t - 550. Calculate the greatest common divisor of r and 20.
20
Suppose -4*n - 2 = 6. Let y = 9 + n. Calculate the highest common factor of 21 and y.
7
Suppose 295 + 305 = 5*v. Let r be (-1 - -2)*(45 - 2). Let u = -23 + r. Calculate the highest common divisor of v and u.
20
Let v = 84 + -20. Let h = -3 - -5. Suppose -4*s + 5*g = -6 - 33, s - 6 = h*g. Calculate the greatest common factor of v and s.
16
Suppose -14*u = -41 - 1. Calculate the highest common divisor of u and 3.
3
Let t(z) = 4*z - 8. Let n be t(11). Calculate the greatest common factor of 180 and n.
36
Let w(k) = k**3 + 3*k**2 + 4*k - 2. Let h be w(3). What is the highest common divisor of h and 16?
16
Let o(b) be the second derivative of 2*b**3/3 + 3*b**2/2 - 8*b. Let a be o(2). What is the highest common factor of a and 22?
11
Let c(w) = -w**3 + 9*w**2 - 10*w + 11. Let y be c(8). Let t(n) = n**3 + 4*n**2 - 4*n + 7. Let a be t(y). Calculate the highest common divisor of 5 and a.
1
Suppose 2 = v - 9. Suppose 0 = 8*w - 3*w - 605. What is the greatest common divisor of w and v?
11
Let f be (-13 + 13)/(-3 + 1) + 72. What is the greatest common divisor of 108 and f?
36
Suppose 0 = -5*w - 3 + 13. Suppose -d + 150 = w*d. Calculate the highest common factor of d and 75.
25
Let m(u) = -2*u - 7. Let l be m(-8). What is the greatest common divisor of l and 36?
9
Let n = -15 + 22. Let z be (-2)/1 - -3 - -6. Calculate the highest common divisor of z and n.
7
Let u be (3/(-4))/(8/(-480)). Calculate the greatest common factor of 15 and u.
15
Suppose -4*w - 4*f = w - 107, w + f - 22 = 0. What is the highest common divisor of w and 57?
19
Suppose -4*a - 60 = a. Let i be (-5)/((-45)/a)*-3. Suppose 5*u = 3*f - 53, i = -3*u + 19. Calculate the highest common factor of 39 and f.
13
Suppose -5*n + 8*n - 616 = -d, 0 = -5*n - 3*d + 1020. Suppose -2*i - 23 = -3*i. What is the greatest common factor of i and n?
23
Let y(s) = s**3 + 8*s**2 - s + 11. Let u be y(-8). Let r be u - (-2)/(-1*2). Suppose -h + 4*h = r. Calculate the highest common factor of h and 12.
6
Let x be 1*-7*12/(-42). Suppose -39 = -2*v - 5*l, -3*v + 0*l - x*l + 42 = 0. Calculate the greatest common divisor of 6 and v.
6
Suppose 0*b + b = 36. What is the highest common divisor of 24 and b?
12
Let n = 54 + -185. Let d = n + 215. Suppose f + 0*f - d = 0. What is the highest common divisor of f and 12?
12
Let y be 3*5*3/3. Suppose 3*m - y = -6. What is the highest common divisor of 1 and m?
1
Let k = 5 + 4. Let h = -3 + 5. Suppose 0 = 2*t - h - 4. Calculate the highest common factor of k and t.
3
Let g = 3 - -1. Suppose -4*r + y + 32 = 0, -5 = g*r + 5*y - 37. Calculate the greatest common divisor of 24 and r.
8
Suppose -18*f + 245 - 47 = 0. Suppose -2*l = l - 66. What is the highest common divisor of f and l?
11
Let b = 0 + 3. Suppose -2*r + 9 = -b. Calculate the highest common factor of 30 and r.
6
Suppose -4*v - 5*t + 59 = 0, 2*v - 5*v - 2*t + 39 = 0. What is the greatest common factor of v and 1?
1
Let t(p) = 4*p**2 + 4*p - 7. Let b be t(8). Suppose 4*v - b = k, 0 = -3*k - 3 - 0. What is the highest common divisor of 14 and v?
14
Suppose 0*d = d - 27. Let c = 32 - 23. Calculate the highest common factor of c and d.
9
Suppose 0 = -5*t - 4*u + 15, 13 - 4 = 3*t - u. Let x(n) = -t + 3*n - 3 - 2. Let b be x(8). What is the highest common factor of b and 4?
4
Suppose 2*v - 1 - 3 = 0. Let l(k) = 1 + 8 + 1 - v - 2*k. Let n be l(-6). Calculate the greatest common divisor of 30 and n.
10
Let k(a) = 3*a**2 + 3*a - 14. Let m be k(-7). Calculate the greatest common factor of 16 and m.
16
Suppose 0 = 3*p + 8 - 23. Suppose 2*t + 0*t + p*d - 148 = 0, 3*d = 6. What is the greatest common divisor of t and 46?
23
Let u be (-47)/(-5) + 4/(-10). Let c = u - 5. Suppose -c*q - 22 = -66. Calculate the greatest common factor of 11 and q.
11
Suppose 2*c = t - 28, -4*t + 3*c = -t - 84. Suppose 3*w + 0*w - 12 = 0. What is the greatest common divisor of t and w?
4
Let n(x) = -x**2 - x - 5. Let z(k) = 1. Let d(v) = -n(v) - 6*z(v). Let i be d(4). Calculate the greatest common factor of i and 133.
19
Suppose p = -4*p + 385. Suppose 0 = 5*c + 25, 3*d = -d - 4*c + 8. Calculate the greatest common divisor of d and p.
7
Let u be 12/4 + 1 + -2. Calculate the highest common factor of u and 22.
2
Suppose -5*c + 15 = -0. Suppose -2*x = -c*x + 16. Calculate the highest common factor of x and 16.
16
Suppose 0 = -2*l - 7 - 17. Let a be ((-12)/(-10))/(l/(-160)). Calculate the greatest common factor of a and 16.
16
Suppose -2*v - 3 = 9. Let 